{"id":133,"date":"2026-04-17T17:09:57","date_gmt":"2026-04-17T15:09:57","guid":{"rendered":"http:\/\/schoenberg.geoolivin.com\/?page_id=133"},"modified":"2026-04-17T17:12:45","modified_gmt":"2026-04-17T15:12:45","slug":"das-impressum","status":"publish","type":"page","link":"https:\/\/schoenberg.geoolivin.com\/?page_id=133","title":{"rendered":"Das Impressum"},"content":{"rendered":"\n<div class=\"petro-impressum\">\n\n  <h2>Impressum<\/h2>\n\n  <div class=\"impressum-note\">\n    <div class=\"impressum-note-image\">\n      <img src=\"http:\/\/schoenberg.geoolivin.com\/wp-content\/uploads\/gallery\/pastarchives.jpg\" alt=\"Impressum\">\n    <\/div>\n    <div class=\"impressum-note-text\">\n      Alle hier verwendeten Namen, Begriffe, Zeichen und Grafiken k\u00f6nnen Marken- oder Warenzeichen im Besitze ihrer rechtlichen Eigent\u00fcmer sein. Die Rechte aller erw\u00e4hnten und benutzten Marken- und Warenzeichen liegen ausschlie\u00dflich bei deren Besitzern. Trotz sorgf\u00e4ltiger inhaltlicher Kontrolle \u00fcbernehmen wir keine Haftung f\u00fcr die Inhalte externer Links. F\u00fcr den Inhalt der verlinkten Seiten sind ausschlie\u00dflich deren Betreiber verantwortlich.\n    <\/div>\n  <\/div>\n\n  <div class=\"impressum-grid\">\n    <div class=\"impressum-left\">\n      <h3>Petrographie &#8211; Stein-Zeit in der Kunst<\/h3>\n\n      <p>\n        <strong>Dieter Sch\u00f6nberg<\/strong><br>\n        <strong>Torsten Sch\u00f6nberg<\/strong>\n      <\/p>\n\n      <p>\n        Meinhard &#8211; Wien<br>\n        Deutschland &#8211; \u00d6sterreich\n      <\/p>\n    <\/div>\n\n    <div class=\"impressum-right\">\n      <p>&#x1f4de; 0043-699-10112667<\/p>\n      <p>&#x1f310; <a href=\"http:\/\/www.geoolivin.com\" target=\"_blank\" rel=\"noopener\">www.geoolivin.com<\/a><\/p>\n      <p>&#x2709;&#xfe0f; <a href=\"mailto:petrographie@gmail.com\">petrographie@gmail.com<\/a><\/p>\n    <\/div>\n  <\/div>\n\n  <div class=\"impressum-tech\">\n    <h3>Technische Angaben<\/h3>\n    <p>\n      Technisch Verantwortlicher:<br>\n      Torsten Sch\u00f6nberg<br>\n      <a href=\"mailto:petrographie@gmail.com\">petrographie@gmail.com<\/a>\n    <\/p>\n  <\/div>\n\n<\/div>\n\n<style>\n.petro-impressum {\n  max-width: 900px;\n}\n\n.petro-impressum h2 {\n  margin-bottom: 24px;\n}\n\n.impressum-note {\n  display: flex;\n  gap: 24px;\n  align-items: flex-start;\n  margin-bottom: 32px;\n  flex-wrap: wrap;\n}\n\n.impressum-note-image img {\n  max-width: 140px;\n  height: auto;\n  display: block;\n}\n\n.impressum-note-text {\n  flex: 1 1 500px;\n}\n\n.impressum-grid {\n  display: flex;\n  gap: 40px;\n  flex-wrap: wrap;\n  margin-bottom: 32px;\n}\n\n.impressum-left {\n  flex: 1 1 320px;\n}\n\n.impressum-right {\n  flex: 1 1 260px;\n}\n\n.impressum-left h3,\n.impressum-tech h3 {\n  margin-bottom: 14px;\n}\n\n.impressum-right p,\n.impressum-left p,\n.impressum-tech p {\n  margin-bottom: 12px;\n}\n\n.impressum-tech {\n  margin-top: 10px;\n}\n\n@media (max-width: 700px) {\n  .impressum-note,\n  .impressum-grid {\n    display: block;\n  }\n\n  .impressum-note-image {\n    margin-bottom: 20px;\n  }\n}\n<\/style>\n","protected":false},"excerpt":{"rendered":"<p>Impressum Alle hier verwendeten Namen, Begriffe, Zeichen und Grafiken k\u00f6nnen Marken- oder Warenzeichen im Besitze ihrer rechtlichen Eigent\u00fcmer sein. Die [&hellip;]<\/p>\n","protected":false},"author":1,"featured_media":0,"parent":0,"menu_order":0,"comment_status":"closed","ping_status":"closed","template":"","meta":{"site-sidebar-layout":"left-sidebar","site-content-layout":"","ast-site-content-layout":"default","site-content-style":"default","site-sidebar-style":"default","ast-global-header-display":"disabled","ast-banner-title-visibility":"","ast-main-header-display":"","ast-hfb-above-header-display":"","ast-hfb-below-header-display":"","ast-hfb-mobile-header-display":"","site-post-title":"","ast-breadcrumbs-content":"","ast-featured-img":"","footer-sml-layout":"disabled","ast-disable-related-posts":"","theme-transparent-header-meta":"","adv-header-id-meta":"","stick-header-meta":"","header-above-stick-meta":"","header-main-stick-meta":"","header-below-stick-meta":"","astra-migrate-meta-layouts":"default","ast-page-background-enabled":"default","ast-page-background-meta":{"desktop":{"background-color":"var(--ast-global-color-5)","background-image":"","background-repeat":"repeat","background-position":"center center","background-size":"auto","background-attachment":"scroll","background-type":"","background-media":"","overlay-type":"","overlay-color":"","overlay-opacity":"","overlay-gradient":""},"tablet":{"background-color":"","background-image":"","background-repeat":"repeat","background-position":"center center","background-size":"auto","background-attachment":"scroll","background-type":"","background-media":"","overlay-type":"","overlay-color":"","overlay-opacity":"","overlay-gradient":""},"mobile":{"background-color":"","background-image":"","background-repeat":"repeat","background-position":"center center","background-size":"auto","background-attachment":"scroll","background-type":"","background-media":"","overlay-type":"","overlay-color":"","overlay-opacity":"","overlay-gradient":""}},"ast-content-background-meta":{"desktop":{"background-color":"var(--ast-global-color-4)","background-image":"","background-repeat":"repeat","background-position":"center center","background-size":"auto","background-attachment":"scroll","background-type":"","background-media":"","overlay-type":"","overlay-color":"","overlay-opacity":"","overlay-gradient":""},"tablet":{"background-color":"var(--ast-global-color-4)","background-image":"","background-repeat":"repeat","background-position":"center center","background-size":"auto","background-attachment":"scroll","background-type":"","background-media":"","overlay-type":"","overlay-color":"","overlay-opacity":"","overlay-gradient":""},"mobile":{"background-color":"var(--ast-global-color-4)","background-image":"","background-repeat":"repeat","background-position":"center center","background-size":"auto","background-attachment":"scroll","background-type":"","background-media":"","overlay-type":"","overlay-color":"","overlay-opacity":"","overlay-gradient":""}}},"_links":{"self":[{"href":"https:\/\/schoenberg.geoolivin.com\/index.php?rest_route=\/wp\/v2\/pages\/133"}],"collection":[{"href":"https:\/\/schoenberg.geoolivin.com\/index.php?rest_route=\/wp\/v2\/pages"}],"about":[{"href":"https:\/\/schoenberg.geoolivin.com\/index.php?rest_route=\/wp\/v2\/types\/page"}],"author":[{"embeddable":true,"href":"https:\/\/schoenberg.geoolivin.com\/index.php?rest_route=\/wp\/v2\/users\/1"}],"replies":[{"embeddable":true,"href":"https:\/\/schoenberg.geoolivin.com\/index.php?rest_route=%2Fwp%2Fv2%2Fcomments&post=133"}],"version-history":[{"count":3,"href":"https:\/\/schoenberg.geoolivin.com\/index.php?rest_route=\/wp\/v2\/pages\/133\/revisions"}],"predecessor-version":[{"id":136,"href":"https:\/\/schoenberg.geoolivin.com\/index.php?rest_route=\/wp\/v2\/pages\/133\/revisions\/136"}],"wp:attachment":[{"href":"https:\/\/schoenberg.geoolivin.com\/index.php?rest_route=%2Fwp%2Fv2%2Fmedia&parent=133"}],"curies":[{"name":"wp","href":"https:\/\/api.w.org\/{rel}","templated":true}]}}